{"id":906,"date":"2020-08-04T13:44:45","date_gmt":"2020-08-04T06:44:45","guid":{"rendered":"http:\/\/maytinh2.maugiaodien.com\/?page_id=906"},"modified":"2020-08-04T13:44:45","modified_gmt":"2020-08-04T06:44:45","slug":"chinh-sach-doi-tra-hang","status":"publish","type":"page","link":"https:\/\/maytinh2.minasoft.vn\/?page_id=906","title":{"rendered":"Ch\u00ednh s\u00e1ch \u0111\u1ed5i tr\u1ea3 h\u00e0ng"},"content":{"rendered":"","protected":false},"excerpt":{"rendered":"","protected":false},"author":2,"featured_media":0,"parent":0,"menu_order":0,"comment_status":"closed","ping_status":"closed","template":"","meta":{"footnotes":""},"yst_prominent_words":[],"class_list":["post-906","page","type-page","status-publish","hentry"],"_links":{"self":[{"href":"https:\/\/maytinh2.minasoft.vn\/index.php?rest_route=\/wp\/v2\/pages\/906","targetHints":{"allow":["GET"]}}],"collection":[{"href":"https:\/\/maytinh2.minasoft.vn\/index.php?rest_route=\/wp\/v2\/pages"}],"about":[{"href":"https:\/\/maytinh2.minasoft.vn\/index.php?rest_route=\/wp\/v2\/types\/page"}],"author":[{"embeddable":true,"href":"https:\/\/maytinh2.minasoft.vn\/index.php?rest_route=\/wp\/v2\/users\/2"}],"replies":[{"embeddable":true,"href":"https:\/\/maytinh2.minasoft.vn\/index.php?rest_route=%2Fwp%2Fv2%2Fcomments&post=906"}],"version-history":[{"count":1,"href":"https:\/\/maytinh2.minasoft.vn\/index.php?rest_route=\/wp\/v2\/pages\/906\/revisions"}],"predecessor-version":[{"id":907,"href":"https:\/\/maytinh2.minasoft.vn\/index.php?rest_route=\/wp\/v2\/pages\/906\/revisions\/907"}],"wp:attachment":[{"href":"https:\/\/maytinh2.minasoft.vn\/index.php?rest_route=%2Fwp%2Fv2%2Fmedia&parent=906"}],"wp:term":[{"taxonomy":"yst_prominent_words","embeddable":true,"href":"https:\/\/maytinh2.minasoft.vn\/index.php?rest_route=%2Fwp%2Fv2%2Fyst_prominent_words&post=906"}],"curies":[{"name":"wp","href":"https:\/\/api.w.org\/{rel}","templated":true}]}}